{"id":9423,"date":"2024-11-12T15:20:03","date_gmt":"2024-11-12T13:20:03","guid":{"rendered":"https:\/\/novital.it\/prodotto\/injerto-de-invernadero\/"},"modified":"2025-06-09T17:03:05","modified_gmt":"2025-06-09T15:03:05","slug":"injerto-de-invernadero","status":"publish","type":"product","link":"https:\/\/novital.it\/es\/producto\/injerto-de-invernadero\/","title":{"rendered":"VEGETABLE &amp;GARDEN \u2013 Injerto de invernadero (4 piezas)"},"content":{"rendered":"<p><strong>Material: Pl\u00e1stico<\/strong> no t\u00f3xico<\/p>\n<p><strong>Funciones:<\/strong><\/p>\n<ul>\n<li>Accesorio \u00fatil para ajustar la altura del sistema modular Orto&amp;Orto<\/li>\n<li>\u00fatil para levantar composiciones de Orto&amp;Orto del suelo<\/li>\n<\/ul>\n<p>Pack de 4 piezas<\/p>\n<table class=\"producttable\">\n<thead>\n<tr>\n<th>Art\u00edculo<\/th>\n<th><img loading=\"lazy\" decoding=\"async\" src=\"https:\/\/novital.it\/wp-content\/uploads\/2025\/02\/icon_package.png\" alt=\"\" width=\"32\" height=\"64\"><\/th>\n<th><img decoding=\"async\" src=\"https:\/\/novital.it\/wp-content\/uploads\/2025\/02\/icon_box_size.png\" width=\"32\" height=\"\"><\/th>\n<th><img decoding=\"async\" src=\"https:\/\/novital.it\/wp-content\/uploads\/2025\/02\/icon_weight.png\" width=\"32\" height=\"\"><\/th>\n<th><img decoding=\"async\" src=\"https:\/\/novital.it\/wp-content\/uploads\/2025\/02\/icon_code.png\" width=\"32\" height=\"\"><\/th>\n<\/tr>\n<\/thead>\n<tbody>\n<tr>\n<td>\n<div class=\"article_container\">\n<div class=\"div_box_product\" style=\"background: #47782e;\"><\/div>\n<div class=\"div_code_product\">2130A0000<\/div>\n<\/div>\n<\/td>\n<td>16<\/td>\n<td>20 x 10 x 2,5<\/td>\n<td>0.005<\/td>\n<td>8010214002167<\/td>\n<\/tr>\n<tr>\n<td>\n<div class=\"article_container\">\n<div class=\"div_box_product\" style=\"background: #9d4436;\"><\/div>\n<div class=\"div_code_product\">2150A0000<\/div>\n<\/div>\n<\/td>\n<td>16<\/td>\n<td>20 x 10 x 2,5<\/td>\n<td>0.005<\/td>\n<td>8010214002266<\/td>\n<\/tr>\n<\/tbody>\n<\/table>\n","protected":false},"excerpt":{"rendered":"<p>\u00datil accesorio para cerrar los terminales de la ba\u00f1era ORTO&amp;ORTO con y sin fondo y como conexi\u00f3n para el invernadero.<\/p>\n","protected":false},"featured_media":13023,"template":"","meta":[],"product_brand":[],"product_cat":[306],"product_tag":[451,1010,1009,452,450,344,453],"class_list":["post-9423","product","type-product","status-publish","has-post-thumbnail","product_cat-accesorios-de-jardin","product_tag-balcon","product_tag-injerto","product_tag-invernadero-es","product_tag-jardin-es","product_tag-jardin","product_tag-novital-es","product_tag-patio","first","instock","shipping-taxable","purchasable","product-type-variable"],"_links":{"self":[{"href":"https:\/\/novital.it\/es\/wp-json\/wp\/v2\/product\/9423","targetHints":{"allow":["GET"]}}],"collection":[{"href":"https:\/\/novital.it\/es\/wp-json\/wp\/v2\/product"}],"about":[{"href":"https:\/\/novital.it\/es\/wp-json\/wp\/v2\/types\/product"}],"wp:featuredmedia":[{"embeddable":true,"href":"https:\/\/novital.it\/es\/wp-json\/wp\/v2\/media\/13023"}],"wp:attachment":[{"href":"https:\/\/novital.it\/es\/wp-json\/wp\/v2\/media?parent=9423"}],"wp:term":[{"taxonomy":"product_brand","embeddable":true,"href":"https:\/\/novital.it\/es\/wp-json\/wp\/v2\/product_brand?post=9423"},{"taxonomy":"product_cat","embeddable":true,"href":"https:\/\/novital.it\/es\/wp-json\/wp\/v2\/product_cat?post=9423"},{"taxonomy":"product_tag","embeddable":true,"href":"https:\/\/novital.it\/es\/wp-json\/wp\/v2\/product_tag?post=9423"}],"curies":[{"name":"wp","href":"https:\/\/api.w.org\/{rel}","templated":true}]}}

<p><strong>Material: Plástico</strong> no tóxico</p>
<p><strong>Funciones:</strong></p>
<ul>
<li>Accesorio útil para ajustar la altura del sistema modular Orto&amp;Orto</li>
<li>útil para levantar composiciones de Orto&amp;Orto del suelo</li>
</ul>
<p>Pack de 4 piezas</p>
<table class="producttable">
<thead>
<tr>
<th>Artículo</th>
<th><img loading="lazy" decoding="async" src="https://novital.it/wp-content/uploads/2025/02/icon_package.png" alt="" width="32" height="64"></th>
<th><img decoding="async" src="https://novital.it/wp-content/uploads/2025/02/icon_box_size.png" width="32" height=""></th>
<th><img decoding="async" src="https://novital.it/wp-content/uploads/2025/02/icon_weight.png" width="32" height=""></th>
<th><img decoding="async" src="https://novital.it/wp-content/uploads/2025/02/icon_code.png" width="32" height=""></th>
</tr>
</thead>
<tbody>
<tr>
<td>
<div class="article_container">
<div class="div_box_product" style="background: #47782e;"></div>
<div class="div_code_product">2130A0000</div>
</div>
</td>
<td>16</td>
<td>20 x 10 x 2,5</td>
<td>0.005</td>
<td>8010214002167</td>
</tr>
<tr>
<td>
<div class="article_container">
<div class="div_box_product" style="background: #9d4436;"></div>
<div class="div_code_product">2150A0000</div>
</div>
</td>
<td>16</td>
<td>20 x 10 x 2,5</td>
<td>0.005</td>
<td>8010214002266</td>
</tr>
</tbody>
</table>

<p>Útil accesorio para cerrar los terminales de la bañera ORTO&amp;ORTO con y sin fondo y como conexión para el invernadero.</p>
