{"id":10616,"date":"2024-11-12T15:13:28","date_gmt":"2024-11-12T14:13:28","guid":{"rendered":"https:\/\/novital.it\/prodotto\/cubo-12-lt-tapa\/"},"modified":"2026-07-20T15:43:50","modified_gmt":"2026-07-20T13:43:50","slug":"cubo-12-lt-tapa","status":"publish","type":"product","link":"https:\/\/novital.it\/es\/producto\/cubo-12-lt-tapa\/","title":{"rendered":"Cubo con Tapa 12\/18\/24 Litros"},"content":{"rendered":"<p><strong>Material:<\/strong> pl\u00e1stico apto para uso alimentario.<\/p>\n<p><strong>Caracter\u00edsticas:<\/strong> equipado con asa de transporte, tapa de protecci\u00f3n contra la suciedad. Ideal para la recolecci\u00f3n de verduras, frutas, almacenamiento de cereales y para todos aquellos trabajos para los que se necesite un contenedor vers\u00e1til y resistente. <\/p>\n<p><strong>Capacidad:<\/strong> lt 12 | lt 18 | lt 24<\/p>\n<table class=\"producttable\">\n<thead>\n<tr>\n<th>Art\u00edculo<\/th>\n<th><img decoding=\"async\" src=\"https:\/\/novital.it\/wp-content\/uploads\/2025\/02\/icon_package.png\" alt=\"\" width=\"32\" height=\"\"><\/th>\n<th><img decoding=\"async\" src=\"https:\/\/novital.it\/wp-content\/uploads\/2025\/02\/icon_box_size.png\" width=\"32\" height=\"\"><\/th>\n<th><img decoding=\"async\" src=\"https:\/\/novital.it\/wp-content\/uploads\/2025\/02\/icon_weight.png\" width=\"32\" height=\"\"><\/th>\n<th><img decoding=\"async\" src=\"https:\/\/novital.it\/wp-content\/uploads\/2025\/02\/icon_code.png\" width=\"32\" height=\"\"><\/th>\n<\/tr>\n<\/thead>\n<tbody>\n<tr>\n<td>\n<div class=\"article_container\">\n<div class=\"div_code_product\">2012AF000<\/div>\n<\/div>\n<\/td>\n<td>12<\/td>\n<td>37 x 37 x 83<\/td>\n<td>0.91<\/td>\n<td>8010213972287<\/td>\n<\/tr>\n<tr>\n<td>\n<div class=\"article_container\">\n<div class=\"div_code_product\">1977AF000<\/div>\n<\/div>\n<\/td>\n<td>12<\/td>\n<td>36,5 x 36,5 x 94<\/td>\n<td>1.19<\/td>\n<td>8010213971525<\/td>\n<\/tr>\n<tr>\n<td>\n<div class=\"article_container\">\n<div class=\"div_code_product\">2166AF000<\/div>\n<\/div>\n<\/td>\n<td>10<\/td>\n<td>36,5 x 36,5 x 94<\/td>\n<td>1.19<\/td>\n<td>8010213978241<\/td>\n<\/tr>\n<\/tbody>\n<\/table>\n","protected":false},"excerpt":{"rendered":"<p>Vers\u00e1til en su uso, es \u00fatil tambi\u00e9n para uso dom\u00e9stico y para todos aquellos trabajos en los que se requiere un dep\u00f3sito pr\u00e1ctico y resistente<\/p>\n","protected":false},"featured_media":13508,"template":"","meta":[],"product_brand":[],"product_cat":[306],"product_tag":[1128,653,452,344,453],"class_list":["post-10616","product","type-product","status-publish","has-post-thumbnail","product_cat-accesorios-de-jardin","product_tag-balde","product_tag-cubrir","product_tag-jardin-es","product_tag-novital-es","product_tag-patio","first","instock","shipping-taxable","purchasable","product-type-variable"],"_links":{"self":[{"href":"https:\/\/novital.it\/es\/wp-json\/wp\/v2\/product\/10616","targetHints":{"allow":["GET"]}}],"collection":[{"href":"https:\/\/novital.it\/es\/wp-json\/wp\/v2\/product"}],"about":[{"href":"https:\/\/novital.it\/es\/wp-json\/wp\/v2\/types\/product"}],"wp:featuredmedia":[{"embeddable":true,"href":"https:\/\/novital.it\/es\/wp-json\/wp\/v2\/media\/13508"}],"wp:attachment":[{"href":"https:\/\/novital.it\/es\/wp-json\/wp\/v2\/media?parent=10616"}],"wp:term":[{"taxonomy":"product_brand","embeddable":true,"href":"https:\/\/novital.it\/es\/wp-json\/wp\/v2\/product_brand?post=10616"},{"taxonomy":"product_cat","embeddable":true,"href":"https:\/\/novital.it\/es\/wp-json\/wp\/v2\/product_cat?post=10616"},{"taxonomy":"product_tag","embeddable":true,"href":"https:\/\/novital.it\/es\/wp-json\/wp\/v2\/product_tag?post=10616"}],"curies":[{"name":"wp","href":"https:\/\/api.w.org\/{rel}","templated":true}]}}

<p><strong>Material:</strong> plástico apto para uso alimentario.</p>
<p><strong>Características:</strong> equipado con asa de transporte, tapa de protección contra la suciedad. Ideal para la recolección de verduras, frutas, almacenamiento de cereales y para todos aquellos trabajos para los que se necesite un contenedor versátil y resistente. </p>
<p><strong>Capacidad:</strong> lt 12 | lt 18 | lt 24</p>
<table class="producttable">
<thead>
<tr>
<th>Artículo</th>
<th><img decoding="async" src="https://novital.it/wp-content/uploads/2025/02/icon_package.png" alt="" width="32" height=""></th>
<th><img decoding="async" src="https://novital.it/wp-content/uploads/2025/02/icon_box_size.png" width="32" height=""></th>
<th><img decoding="async" src="https://novital.it/wp-content/uploads/2025/02/icon_weight.png" width="32" height=""></th>
<th><img decoding="async" src="https://novital.it/wp-content/uploads/2025/02/icon_code.png" width="32" height=""></th>
</tr>
</thead>
<tbody>
<tr>
<td>
<div class="article_container">
<div class="div_code_product">2012AF000</div>
</div>
</td>
<td>12</td>
<td>37 x 37 x 83</td>
<td>0.91</td>
<td>8010213972287</td>
</tr>
<tr>
<td>
<div class="article_container">
<div class="div_code_product">1977AF000</div>
</div>
</td>
<td>12</td>
<td>36,5 x 36,5 x 94</td>
<td>1.19</td>
<td>8010213971525</td>
</tr>
<tr>
<td>
<div class="article_container">
<div class="div_code_product">2166AF000</div>
</div>
</td>
<td>10</td>
<td>36,5 x 36,5 x 94</td>
<td>1.19</td>
<td>8010213978241</td>
</tr>
</tbody>
</table>

<p>Versátil en su uso, es útil también para uso doméstico y para todos aquellos trabajos en los que se requiere un depósito práctico y resistente</p>
