{"id":10013,"date":"2024-11-12T15:20:05","date_gmt":"2024-11-12T14:20:05","guid":{"rendered":"https:\/\/novital.it\/prodotto\/lona-de-invernadero\/"},"modified":"2026-07-06T14:44:59","modified_gmt":"2026-07-06T12:44:59","slug":"lona-de-invernadero","status":"publish","type":"product","link":"https:\/\/novital.it\/es\/producto\/lona-de-invernadero\/","title":{"rendered":"ORTO&#038;ORTO \u2013 L\u00e1mina de invernadero"},"content":{"rendered":"<p>Para los invernaderos ORTOLINA y SANREMO<\/p>\n<p><strong>Material:<\/strong> polietileno<\/p>\n<p><strong>Color:<\/strong> Transparente<\/p>\n<p><strong>Caracter\u00edsticas:<\/strong> funda con doble cremallera.<\/p>\n<table class=\"producttable\" style=\"height: 130px;\" width=\"476\">\n<thead>\n<tr>\n<th>Art\u00edculo<\/th>\n<th><img loading=\"lazy\" decoding=\"async\" class=\"aligncenter\" src=\"https:\/\/novital.it\/wp-content\/uploads\/2025\/02\/icon_package.png\" alt=\"\" width=\"32\" height=\"64\"><\/th>\n<th><img decoding=\"async\" src=\"https:\/\/novital.it\/wp-content\/uploads\/2025\/02\/icon_box_size.png\" width=\"32\" height=\"\"><\/th>\n<th><img decoding=\"async\" src=\"https:\/\/novital.it\/wp-content\/uploads\/2025\/02\/icon_weight.png\" width=\"32\" height=\"\"><\/th>\n<th><img decoding=\"async\" src=\"https:\/\/novital.it\/wp-content\/uploads\/2025\/02\/icon_code.png\" width=\"32\" height=\"\"><\/th>\n<\/tr>\n<\/thead>\n<tbody>\n<tr>\n<td>\n<div class=\"article_container\">\n<div class=\"div_box_product\"><\/div>\n<div class=\"div_code_product\" style=\"text-align: center;\">2132A0000<\/div>\n<\/div>\n<\/td>\n<td>1<\/td>\n<td>25 x 30 x 5<\/td>\n<td>0.46<\/td>\n<td>8010214002228<\/td>\n<\/tr>\n<tr>\n<td>\n<div class=\"article_container\">\n<div class=\"div_box_product\">\n<div class=\"div_code_product\" style=\"text-align: center;\">2133A0000<\/div>\n<\/div>\n<\/div>\n<\/td>\n<td>1<\/td>\n<td>25 x 30 x 3,5<\/td>\n<td>0.35<\/td>\n<td>8010214002235<\/td>\n<\/tr>\n<\/tbody>\n<\/table>\n","protected":false},"excerpt":{"rendered":"<p>Protege tus plantas con la Cubierta de Invernadero de Novital, dise\u00f1ada para los invernaderos Ortolina y San Remo. Fabricada con polietileno transparente duradero, esta lona proporciona una cobertura eficaz contra los elementos, manteniendo un entorno ideal para el crecimiento de sus cultivos. La doble cremallera facilita el acceso y la ventilaci\u00f3n, haciendo que la gesti\u00f3n del invernadero sea sencilla y pr\u00e1ctica. Una soluci\u00f3n fiable para prolongar la temporada de crecimiento y proteger sus plantas durante todo el a\u00f1o.   <\/p>\n","protected":false},"featured_media":13027,"template":"","meta":[],"product_brand":[],"product_cat":[306],"product_tag":[451,1009,450,998,344,995],"class_list":["post-10013","product","type-product","status-publish","has-post-thumbnail","product_cat-accesorios-de-jardin","product_tag-balcon","product_tag-invernadero-es","product_tag-jardin","product_tag-modular","product_tag-novital-es","product_tag-tela","first","instock","shipping-taxable","purchasable","product-type-variable"],"_links":{"self":[{"href":"https:\/\/novital.it\/es\/wp-json\/wp\/v2\/product\/10013","targetHints":{"allow":["GET"]}}],"collection":[{"href":"https:\/\/novital.it\/es\/wp-json\/wp\/v2\/product"}],"about":[{"href":"https:\/\/novital.it\/es\/wp-json\/wp\/v2\/types\/product"}],"wp:featuredmedia":[{"embeddable":true,"href":"https:\/\/novital.it\/es\/wp-json\/wp\/v2\/media\/13027"}],"wp:attachment":[{"href":"https:\/\/novital.it\/es\/wp-json\/wp\/v2\/media?parent=10013"}],"wp:term":[{"taxonomy":"product_brand","embeddable":true,"href":"https:\/\/novital.it\/es\/wp-json\/wp\/v2\/product_brand?post=10013"},{"taxonomy":"product_cat","embeddable":true,"href":"https:\/\/novital.it\/es\/wp-json\/wp\/v2\/product_cat?post=10013"},{"taxonomy":"product_tag","embeddable":true,"href":"https:\/\/novital.it\/es\/wp-json\/wp\/v2\/product_tag?post=10013"}],"curies":[{"name":"wp","href":"https:\/\/api.w.org\/{rel}","templated":true}]}}

ORTO&#038;ORTO – Lámina de invernadero

<p>Para los invernaderos ORTOLINA y SANREMO</p>
<p><strong>Material:</strong> polietileno</p>
<p><strong>Color:</strong> Transparente</p>
<p><strong>Características:</strong> funda con doble cremallera.</p>
<table class="producttable" style="height: 130px;" width="476">
<thead>
<tr>
<th>Artículo</th>
<th><img loading="lazy" decoding="async" class="aligncenter" src="https://novital.it/wp-content/uploads/2025/02/icon_package.png" alt="" width="32" height="64"></th>
<th><img decoding="async" src="https://novital.it/wp-content/uploads/2025/02/icon_box_size.png" width="32" height=""></th>
<th><img decoding="async" src="https://novital.it/wp-content/uploads/2025/02/icon_weight.png" width="32" height=""></th>
<th><img decoding="async" src="https://novital.it/wp-content/uploads/2025/02/icon_code.png" width="32" height=""></th>
</tr>
</thead>
<tbody>
<tr>
<td>
<div class="article_container">
<div class="div_box_product"></div>
<div class="div_code_product" style="text-align: center;">2132A0000</div>
</div>
</td>
<td>1</td>
<td>25 x 30 x 5</td>
<td>0.46</td>
<td>8010214002228</td>
</tr>
<tr>
<td>
<div class="article_container">
<div class="div_box_product">
<div class="div_code_product" style="text-align: center;">2133A0000</div>
</div>
</div>
</td>
<td>1</td>
<td>25 x 30 x 3,5</td>
<td>0.35</td>
<td>8010214002235</td>
</tr>
</tbody>
</table>

<p>Protege tus plantas con la Cubierta de Invernadero de Novital, diseñada para los invernaderos Ortolina y San Remo. Fabricada con polietileno transparente duradero, esta lona proporciona una cobertura eficaz contra los elementos, manteniendo un entorno ideal para el crecimiento de sus cultivos. La doble cremallera facilita el acceso y la ventilación, haciendo que la gestión del invernadero sea sencilla y práctica. Una solución fiable para prolongar la temporada de crecimiento y proteger sus plantas durante todo el año.   </p>
